(w) = -9*w**3 - 7*w**2 - w - 5. Let t(c) = -2*c**3 - c**2 - 1. Let q(z) = 4*t(z) - v(z). Let h = 10 - 12. Determine q(h).
3
Let o(b) = -b + 8. Let c be o(6). Let a(w) = 9*w**2 - 241*w - 242. Let l be a(-1). Suppose -c*s = -20 + l. Let m(f) = f**3 - 7*f**2 + 7*f - 4. What is m(s)?
2
Let q be 2/(-14)*-59 + (-164)/(-287). Let k(i) = -3*i + 29. What is k(q)?
2
Let c be ((-6)/(-4))/((-2)/4). Let u = 288 + -285. Let a(z) = 12*z**2 + 3*z**u - 2*z**3 - 9*z**2 - z - 1. What is a(c)?
2
Let q = -4973 + 4977. Let w(z) = 19*z - 9. Determine w(q).
67
Let j(x) = -x**2 + 3*x + 4. Let r be j(-1). Suppose -3*y + 3*m = r, 5*y + 4*m - 8 = m. Let v(g) = -y + 2*g + 2 + 2 - 3*g. Give v(-3).
6
Let a(v) be the first derivative of -38 + 1/3*v**3 - 7*v - 4*v**2. Give a(10).
13
Let i = -24 - -37. Suppose 4 = y, -3*y = -q + 2*y - i. Let s(d) = -4 + 8*d**2 - 5*d - d**3 - 9*d + 5*d + q. What is s(7)?
-11
Suppose 16 = -2*p, -3*m - p = -3*p - 25. Let g(q) be the first derivative of -2*q + 1/3*q**m + 7 + 7/2*q**2. Determine g(-7).
-2
Suppose 50 = -9*a + 4*a. Let k be (-7)/(-2)*(12 + a). Let y(o) = -5 + 14 + o**2 - k - 4*o - 10. What is y(7)?
13
Let w(x) = -7*x - 7. Let z(p) = 5*p + 9. Let l(d) = 2*w(d) + 3*z(d). Calculate l(-6).
7
Let g(k) = 9*k**2 + 5*k + 1. Let n(x) = -5*x**2 - 2*x. Let p be (-15 - -14)*(-12)/(-2). Let t(c) = p*g(c) - 11*n(c). Let v be 6 - 9/(27/(-6)). What is t(v)?
-6
Let z(v) = -38*v**2 - 36*v + 7. Let q(n) = 27*n**2 + 25*n - 5. Let d(g) = 7*q(g) + 5*z(g). What is d(-5)?
0
Let a(u) be the second derivative of -u**5/20 + u**4/4 - u**2 - 2*u. Suppose -114*v = 83*v - 394. Calculate a(v).
2
Let k(t) = t + 1. Let u(j) = j**2 + 5*j + 6. Let h = -37 - -32. Let l be u(h). Let p be l/8 - -18*(-2)/(-16). Give k(p).
4
Let b(o) = -1342*o - 184 + 20 + 448*o + 442*o + 444*o. What is b(-21)?
4
Let p(r) = -r - 5. Let b be p(-8). Let h(m) = 9*m + 2. Let z be h(1). Let v(a) = 10*a + 2 - 3 - z*a. Calculate v(b).
-4
Let f be ((-18)/15 - 0)/((-10)/75). Suppose -q = h - 1, -3*q + f = -h + 26. Let w(r) = -52*r - 4*r**2 + 48*r + r**3 + 0*r**2 + 1 - 4. What is w(h)?
2
Let n(o) = o**3 + 5*o**2 + 3*o + 4. Let z = 86 + -88. Determine n(z).
10
Let v(l) be the third derivative of 15*l**2 + 0 - 1/20*l**5 + 1/6*l**3 + 1/120*l**6 + 0*l - 1/24*l**4. Let g be v(3). Let a(f) = 2*f**2 + 1. Determine a(g).
9
Let f(m) = 37*m**2 - 518*m + 3. Let g be f(14). Let i(y) = -3*y + 2. Let b(v) = -8*v + 6. Let s(w) = -4*b(w) + 11*i(w). Calculate s(g).
-5
Let g(c) = c**3 + 18*c**2 + 33*c + 14. Let i be (-5 - (-5 + -1))*-16. Let h be g(i). Let n(k) = 2*k**2 + 6*k + 5. What is n(h)?
1
Let f(q) = q**2 + q. Let h = -188 - -183. Let a be ((-4)/(-10))/(h/25). Determine f(a).
2
Let u(l) = -4*l**3 - 13*l**2 - 13*l - 37. Let a(c) = 5*c**3 + 13*c**2 + 4*c + 37. Let q(s) = 3*a(s) + 4*u(s). Determine q(-9).
-1
Let f(r) = -r**2 + 3*r + 7. Let q(k) = -6*k + 167. Let x be 1 - 0 - (168/(-6) + 2). Let i be q(x). Give f(i).
-3
Let v(k) be the second derivative of -3*k**3/2 + 31*k**2 + 1273*k. Calculate v(7).
-1
Let o = -2405 - -2407. Let n(b) = 3*b + 13. Let d be -2 - 3/((-9)/(-21)). Let k(y) = -y - 3. Let t(z) = d*k(z) - 2*n(z). Determine t(o).
7
Let s = 252 - 264. Let m = -27 - s. Let i(b) = b**3 + 16*b**2 + 14*b - 19. Calculate i(m).
-4
Let v(y) = -5*y - 3. Suppose 3*k + 111 = 6*k + 2*h, 0 = -5*k + 3*h + 185. Suppose 6*f = 2*f + 140. Let j = f - k. Calculate v(j).
7
Let b be -2 + (-12)/3 + 1. Suppose n - 34 = -33. Let z(q) = -2 - n + 16022*q**2 - 16027*q**2 - q**3 - 2*q + 3*q. Determine z(b).
-8
Let l(w) = w**3 + 3*w**2 + 5*w + 2. Let n be l(-4). Let i = n - -29. Let q be i*(12/(-70))/((-4)/28). Let r(m) = m**2 + 8*m + 9. Calculate r(q).
-3
Let t(y) = -3*y + 5. Let l(k) be the first derivative of k**2 - 2*k + 73. Let g(s) = -8*l(s) - 3*t(s). Suppose 0 = -2*c - 5 + 3. Determine g(c).
8
Let j(a) = -a**3 - 2*a**2 + 6*a + 6. Let f = 155 + -147. Suppose f = 5*d + 28. Calculate j(d).
14
Let c(l) = 1 + 6*l + 1 - 9*l. Suppose 84*f + 298 = 116 - 70. What is c(f)?
11
Let t(g) = g**2 + 7*g + 12. Let y be t(-7). Let x be ((-1)/3)/(-3 - (-34)/y). Let j(m) = 1 + x - 4 - 4 + m**2 - m. Calculate j(4).
7
Let p(s) = 2*s + 32*s - 198 + 68 + 71 - 252. Let y be p(9). Let k(z) = -z - 9. Give k(y).
-4
Let i(l) = 758*l - 402*l + 8 - 355*l. Let d be 0 - (-1 - 2*-5). Determine i(d).
-1
Let m(k) be the second derivative of 2*k**3 + 95*k**2/2 + 141*k - 1. Give m(-11).
-37
Let t(l) = -15 + 4*l**2 - l**2 + 9*l + 20 - 5*l**2. Calculate t(-3).
-40
Let r(l) = l**3 + 4*l**2 - 5*l - 10. Let u = 629 - 600. Suppose 109 - u = -20*a. Calculate r(a).
10
Suppose -3*s + 9 = 3. Let d(z) be the first derivative of -1 + z**s + z + 4 - 14 - 7*z. What is d(7)?
8
Let r(y) = y**3 - 5*y**2 + 2*y + 3. Let b be 5 + (-6 + 6 - -86). Let d = b + -88. Calculate r(d).
-9
Let u(k) be the second derivative of 1/6*k**3 + 3/2*k**2 - 9*k + 0. Let g be u(-7). Let h(t) = t**2 + 4*t - 5. Give h(g).
-5
Let a(l) = l**2 + 6*l + 3. Let b be a(-6). Let h(m) = -5*m - 618 + 307 - 3*m**3 + 313 + 4*m**b - 3*m**2. Let c = 18 + -14. Give h(c).
-2
Let y(m) be the first derivative of -m**3/3 + 11*m**2 - 22*m + 256. What is y(21)?
-1
Let v = 1423 - 1420. Let u(o) be the third derivative of 1/24*o**4 + 1/2*o**3 + 0 + 0*o - 8*o**2. Give u(v).
6
Let x(p) = 15870*p**2 + 7*p**3 - 10*p + 4*p - 15871*p**2 - 5. What is x(-1)?
-7
Let b(m) = -m**3 + 9*m**2 + 8*m + 9. Let u be b(10). Let r be 0/(-1) - (u - -11). Let z(t) = 1 + t**3 - 3*t**2 + 7*t + r - 10*t. Give z(3).
-8
Let z(u) = u**2 + u - 4. Let f = 20 + -18. Let c be z(f). Let s(m) = 4*m**c - 1 - 14*m**2 + 5*m**2 + 6*m**2 - 2*m. What is s(3)?
2
Let k(d) be the second derivative of -d**3/2 - 23*d**2/2 - d + 2494. What is k(-25)?
52
Let d(i) = 2*i + 4. Suppose -2*g = -3*g + 33. Let x = 37 - g. Suppose x*f - m = -0*m - 19, 34 = -4*f - 2*m. Give d(f).
-8
Let j(p) = -p - 12. Let o be j(2). Let l be o/7 - (8/(-2) - 0). Let w(i) be the third derivative of -i**5/60 + i**4/8 + i**3/3 - 10*i**2. Calculate w(l).
4
Let m(p) = 2*p**3 - 2*p + 5. Let t(f) = -3*f**3 + f**2 + f - 6. Suppose -4*i = -11*i - 21. Let q(l) = i*t(l) - 4*m(l). Let c be 1*(28/4 - 4). Determine q(c).
13
Let x = 169985 - 169985. Let c(a) = -8 + 3*a + 0 - 3. Let w(k) = k - 5. Let t(d) = -2*c(d) + 5*w(d). Determine t(x).
-3
Let t(u) = 6*u**2 - 2*u - 2*u + 3*u + 0*u. Suppose -10*h + 7*h = -36*h + 33. What is t(h)?
5
Let o(x) = 38*x - 86. Let y be o(2). Let j(a) = a**2 + 3*a - 72. What is j(y)?
-2
Suppose -74*g = -70*g - 88. Let u(j) = -j**3 + 22*j**2 - j + 26. What is u(g)?
4
Let n(o) = -63854 + 63823 + 8*o - 4*o. Give n(5).
-11
Suppose -76*f - 113 = -28*f + 65*f. Let k(v) be the second derivative of -v**4/4 - v**3/3 - v**2/2 + 21*v. Calculate k(f).
-2
Let n(v) = -v**2 - 10*v + 12. Suppose 323*f = 328*f - 35. Let d(p) = 2*p - 24. Let x be d(f). Give n(x).
12
Let x be (14/(-9)*(-30)/(-35))/(11/(-396)). Let v(l) = -7*l + 337. Determine v(x).
1
Let c(o) = o**3 - 6*o**2 - 8*o + 2. Let b be (-10)/(5/((-20)/8)). Suppose -a + b*a = 28. Determine c(a).
-5
Let s(q) = 6*q + 17 - 9 - q**3 + 4*q**2 - 10. Let o be s(5). Let f(j) = 5 - 3 - 6 + j**2 - 5*j + o. Give f(5).
-1
Let i be (-38)/((-4)/(-5)*(-10)/4). Let p = 19 - i. Let f(m) = 342 + m**2 - 179 - 178. Calculate f(p).
-15
Let y(i) = 27127 - i - 13594 - 13566. Calculate y(-4).
-29
Let n(q) = q**3 + q**2 - q - 1. Let b be (-1)/(-6)*54/4*24. Let z = b + -59. Let d(k) = -3*k - 13. Let y be d(z). What is n(y)?
9
Suppose -16*g + 317 - 147 = 138. Let u(y) = 12*y + 5. Give u(g).
29
Let a be 2 + -2 - (5 - 3). Let q(o) be the third derivative of 5*o**4/6 - 22060*o**2 - o. Determine q(a).
-40
Let h(k) = -3*k**3 - k**2 - k - 1. Let w = 282 - 281. Let r be (-7)/w - (-28 + 22). What is h(r)?
2
Let b(z) be the third derivative of -z**6/120 + z**4/24 + z**3/3 + z**2 + 42. Let a(v) = -14*v**3 + v**2 + 2*v + 6. Let d(h) = a(h) - 3*b(h). Give d(1).
-11
Suppose -1100 = -52*t - 996. Let f(h) be the first derivative of 17*h + 3 - 1/2*h**t. What is f(7)?
10
Let j(s) = -2*s**3 - s**2. Suppose -4*i - 4*h + 2 = -6, 4*i - 5*h + 28 = 0. Determine j(i).
12
Let v(i) = -612*i - 23*i**2 + 4 + 602*i + 10*i**2 + 12*i**2. Calculate v(-5).
29
Let o(b) = -b**2 - 5*b + 1. Let a be (2 + 21/(-14))*(-1 + 1). Suppose -6*d = -2*d + 4*u + 12, 3*d - 2*u + 24 = a. What is o(d)?
-5
Let n(t) = t**